{"id":45,"date":"2021-03-19T21:52:38","date_gmt":"2021-03-19T21:52:38","guid":{"rendered":"http:\/\/www.ruralis.org\/?page_id=45"},"modified":"2021-04-05T21:56:50","modified_gmt":"2021-04-05T21:56:50","slug":"activities","status":"publish","type":"page","link":"http:\/\/www.ruralis.org\/en\/activities\/","title":{"rendered":"Activities"},"content":{"rendered":"<div class=\"wp-block-group\"><div class=\"wp-block-group__inner-container is-layout-flow wp-block-group-is-layout-flow\"><ul class=\"wp-block-latest-posts__list wp-block-latest-posts\"><li><div class=\"wp-block-latest-posts__featured-image\"><img loading=\"lazy\" decoding=\"async\" width=\"150\" height=\"150\" src=\"http:\/\/www.ruralis.org\/wp-content\/uploads\/2026\/04\/WhatsApp-Image-2026-03-14-at-20.52.24-1-150x150.jpeg\" class=\"attachment-thumbnail size-thumbnail wp-post-image\" alt=\"\" style=\"\" \/><\/div><a class=\"wp-block-latest-posts__post-title\" href=\"http:\/\/www.ruralis.org\/en\/2026\/04\/foi-simpatico-o-encontro-primavera-na-5a-oficina\/\">Foi simp\u00e1tico! O Encontro Primavera na 5a Oficina.<\/a><div class=\"wp-block-latest-posts__post-excerpt\">Come\u00e7ou chuvoso e nublado e sem gente mas pouco a pouco come\u00e7avam a aparecer com sorrisos, bolos, sementes e plantinhas e at\u00e9 o \ud83c\udf1e apareceu! Criamos novos liga\u00e7\u00f5es e ouvimos da vontade de mais partilhas e encontros passando pelas nossas quintas no regi\u00e3o do D\u00e3o. Isto \u00e9 o que visionamos com o projeto do Eco\u2026 <a class=\"wp-block-latest-posts__read-more\" href=\"http:\/\/www.ruralis.org\/en\/2026\/04\/foi-simpatico-o-encontro-primavera-na-5a-oficina\/\" rel=\"noopener noreferrer\">Read more<span class=\"screen-reader-text\">: Foi simp\u00e1tico! O Encontro Primavera na 5a Oficina.<\/span><\/a><\/div><\/li>\n<li><div class=\"wp-block-latest-posts__featured-image\"><img loading=\"lazy\" decoding=\"async\" width=\"150\" height=\"150\" src=\"http:\/\/www.ruralis.org\/wp-content\/uploads\/2026\/04\/Copia-de-Trocasementes1-2-1-e1777388960830-150x150.jpg\" class=\"attachment-thumbnail size-thumbnail wp-post-image\" alt=\"\" style=\"\" \/><\/div><a class=\"wp-block-latest-posts__post-title\" href=\"http:\/\/www.ruralis.org\/en\/2026\/04\/encontro-primavera-14-marco-2026\/\">Encontro Primavera 14 Mar\u00e7o 2026<\/a><div class=\"wp-block-latest-posts__post-excerpt\">Sejam bem-vind@s ao Encontro Primavera para um momento de partilhas com outras pessoas e iniciativas da regi\u00e3o do D\u00e3o que sonham e agem para uma cultura mais regenerativa e que respeitam o meio ambiente nas suas atividades. Este ser\u00e1 um momento para facilitar a proximidade entre n\u00f3s e fortalecer as nossas liga\u00e7\u00f5es, ideias e a\u00e7\u00f5es\u2026 <a class=\"wp-block-latest-posts__read-more\" href=\"http:\/\/www.ruralis.org\/en\/2026\/04\/encontro-primavera-14-marco-2026\/\" rel=\"noopener noreferrer\">Read more<span class=\"screen-reader-text\">: Encontro Primavera 14 Mar\u00e7o 2026<\/span><\/a><\/div><\/li>\n<li><div class=\"wp-block-latest-posts__featured-image\"><img loading=\"lazy\" decoding=\"async\" width=\"150\" height=\"150\" src=\"http:\/\/www.ruralis.org\/wp-content\/uploads\/2025\/08\/Untitled-150x150.jpg\" class=\"attachment-thumbnail size-thumbnail wp-post-image\" alt=\"\" style=\"\" \/><\/div><a class=\"wp-block-latest-posts__post-title\" href=\"http:\/\/www.ruralis.org\/en\/2025\/08\/criatividade-e-convivio-a-beira-do-rio-dao\/\">Criatividade e conv\u00edvio a beira do rio D\u00e3o.<\/a><div class=\"wp-block-latest-posts__post-excerpt\">No dia 22 de junho de 2025, decorreu a segunda edi\u00e7\u00e3o da PrimaFeira a beira do Rio D\u00e3o, nas Termas de Alcafache. A PrimaFeira (PF) \u00e9 uma celebra\u00e7\u00e3o e apresenta\u00e7\u00e3o de uma grande variedade de projetos da regi\u00e3o do D\u00e3o que assentam na sensibiliza\u00e7\u00e3o ambiental e que contribu\u00edram para o tema deste ano &#8220;A \u00e1gua\u2026 <a class=\"wp-block-latest-posts__read-more\" href=\"http:\/\/www.ruralis.org\/en\/2025\/08\/criatividade-e-convivio-a-beira-do-rio-dao\/\" rel=\"noopener noreferrer\">Read more<span class=\"screen-reader-text\">: Criatividade e conv\u00edvio a beira do rio D\u00e3o.<\/span><\/a><\/div><\/li>\n<li><div class=\"wp-block-latest-posts__featured-image\"><img loading=\"lazy\" decoding=\"async\" width=\"150\" height=\"150\" src=\"http:\/\/www.ruralis.org\/wp-content\/uploads\/2025\/06\/Prima_Feira_Designs_2025_Banner_Qualidade_Media-150x150.png\" class=\"attachment-thumbnail size-thumbnail wp-post-image\" alt=\"\" style=\"\" \/><\/div><a class=\"wp-block-latest-posts__post-title\" href=\"http:\/\/www.ruralis.org\/en\/2025\/06\/programa-primafeira-2025\/\">PrimaFeira Program ~ June 22 2025<\/a><div class=\"wp-block-latest-posts__post-excerpt\">~ Atividades ~ Em contacto com a \u00e1gua. ~ ~ Musica e Dan\u00e7a ~ ~ Gastronomia ~ ~ Bem Estar ~ ~ Mercado Bio e Artesanal ~ Com apoio de:<\/div><\/li>\n<li><div class=\"wp-block-latest-posts__featured-image\"><img loading=\"lazy\" decoding=\"async\" width=\"150\" height=\"150\" src=\"http:\/\/www.ruralis.org\/wp-content\/uploads\/2023\/07\/FoodOnTheRiver-150x150.jpg\" class=\"attachment-thumbnail size-thumbnail wp-post-image\" alt=\"\" style=\"\" srcset=\"http:\/\/www.ruralis.org\/wp-content\/uploads\/2023\/07\/FoodOnTheRiver-150x150.jpg 150w, http:\/\/www.ruralis.org\/wp-content\/uploads\/2023\/07\/FoodOnTheRiver-12x12.jpg 12w\" sizes=\"auto, (max-width: 150px) 100vw, 150px\" \/><\/div><a class=\"wp-block-latest-posts__post-title\" href=\"http:\/\/www.ruralis.org\/en\/2025\/04\/primafeira-edicao-2025-agua-sustenta-vida\/\">PrimaFeira 2025 Edition ~ Water is life.<\/a><div class=\"wp-block-latest-posts__post-excerpt\">Estamos muito entusiasmados para ter a oportunidade de organizar a segunda edi\u00e7\u00e3o da PrimaFeira. Recordando a experi\u00eancia positiva da edi\u00e7\u00e3o de 2023, esperamos mais um dia memor\u00e1vel nas margens do rio D\u00e3o. Veja aqui o programa completo. Tema da edi\u00e7\u00e3o 2025: A \u00e1gua d\u00e1 vida! \u00c1gua \u00e9 a base da vida e a exist\u00eancia do\u2026 <a class=\"wp-block-latest-posts__read-more\" href=\"http:\/\/www.ruralis.org\/en\/2025\/04\/primafeira-edicao-2025-agua-sustenta-vida\/\" rel=\"noopener noreferrer\">Read more<span class=\"screen-reader-text\">: PrimaFeira Edi\u00e7\u00e3o 2025 ~ A \u00e1gua d\u00e1 vida.<\/span><\/a><\/div><\/li>\n<\/ul>\n\n\n<p><\/p>\n<\/div><\/div>\n\n\n\n<p><\/p>","protected":false},"excerpt":{"rendered":"","protected":false},"author":2,"featured_media":0,"parent":0,"menu_order":0,"comment_status":"closed","ping_status":"closed","template":"","meta":{"footnotes":""},"class_list":["post-45","page","type-page","status-publish","hentry"],"_links":{"self":[{"href":"http:\/\/www.ruralis.org\/en\/wp-json\/wp\/v2\/pages\/45","targetHints":{"allow":["GET"]}}],"collection":[{"href":"http:\/\/www.ruralis.org\/en\/wp-json\/wp\/v2\/pages"}],"about":[{"href":"http:\/\/www.ruralis.org\/en\/wp-json\/wp\/v2\/types\/page"}],"author":[{"embeddable":true,"href":"http:\/\/www.ruralis.org\/en\/wp-json\/wp\/v2\/users\/2"}],"replies":[{"embeddable":true,"href":"http:\/\/www.ruralis.org\/en\/wp-json\/wp\/v2\/comments?post=45"}],"version-history":[{"count":0,"href":"http:\/\/www.ruralis.org\/en\/wp-json\/wp\/v2\/pages\/45\/revisions"}],"wp:attachment":[{"href":"http:\/\/www.ruralis.org\/en\/wp-json\/wp\/v2\/media?parent=45"}],"curies":[{"name":"wp","href":"https:\/\/api.w.org\/{rel}","templated":true}]}}

<div class="wp-block-group"><div class="wp-block-group__inner-container is-layout-flow wp-block-group-is-layout-flow"><ul class="wp-block-latest-posts__list wp-block-latest-posts"><li><div class="wp-block-latest-posts__featured-image"><img loading="lazy" decoding="async" width="150" height="150" src="http://www.ruralis.org/wp-content/uploads/2026/04/WhatsApp-Image-2026-03-14-at-20.52.24-1-150x150.jpeg" class="attachment-thumbnail size-thumbnail wp-post-image" alt="" style="" /></div><a class="wp-block-latest-posts__post-title" href="http://www.ruralis.org/en/2026/04/foi-simpatico-o-encontro-primavera-na-5a-oficina/">Foi simpático! O Encontro Primavera na 5a Oficina.</a><div class="wp-block-latest-posts__post-excerpt">Começou chuvoso e nublado e sem gente mas pouco a pouco começavam a aparecer com sorrisos, bolos, sementes e plantinhas e até o 🌞 apareceu! Criamos novos ligações e ouvimos da vontade de mais partilhas e encontros passando pelas nossas quintas no região do Dão. Isto é o que visionamos com o projeto do Eco… <a class="wp-block-latest-posts__read-more" href="http://www.ruralis.org/en/2026/04/foi-simpatico-o-encontro-primavera-na-5a-oficina/" rel="noopener noreferrer">Read more<span class="screen-reader-text">: Foi simpático! O Encontro Primavera na 5a Oficina.</span></a></div></li>
<li><div class="wp-block-latest-posts__featured-image"><img loading="lazy" decoding="async" width="150" height="150" src="http://www.ruralis.org/wp-content/uploads/2026/04/Copia-de-Trocasementes1-2-1-e1777388960830-150x150.jpg" class="attachment-thumbnail size-thumbnail wp-post-image" alt="" style="" /></div><a class="wp-block-latest-posts__post-title" href="http://www.ruralis.org/en/2026/04/encontro-primavera-14-marco-2026/">Encontro Primavera 14 Março 2026</a><div class="wp-block-latest-posts__post-excerpt">Sejam bem-vind@s ao Encontro Primavera para um momento de partilhas com outras pessoas e iniciativas da região do Dão que sonham e agem para uma cultura mais regenerativa e que respeitam o meio ambiente nas suas atividades. Este será um momento para facilitar a proximidade entre nós e fortalecer as nossas ligações, ideias e ações… <a class="wp-block-latest-posts__read-more" href="http://www.ruralis.org/en/2026/04/encontro-primavera-14-marco-2026/" rel="noopener noreferrer">Read more<span class="screen-reader-text">: Encontro Primavera 14 Março 2026</span></a></div></li>
<li><div class="wp-block-latest-posts__featured-image"><img loading="lazy" decoding="async" width="150" height="150" src="http://www.ruralis.org/wp-content/uploads/2025/08/Untitled-150x150.jpg" class="attachment-thumbnail size-thumbnail wp-post-image" alt="" style="" /></div><a class="wp-block-latest-posts__post-title" href="http://www.ruralis.org/en/2025/08/criatividade-e-convivio-a-beira-do-rio-dao/">Criatividade e convívio a beira do rio Dão.</a><div class="wp-block-latest-posts__post-excerpt">No dia 22 de junho de 2025, decorreu a segunda edição da PrimaFeira a beira do Rio Dão, nas Termas de Alcafache. A PrimaFeira (PF) é uma celebração e apresentação de uma grande variedade de projetos da região do Dão que assentam na sensibilização ambiental e que contribuíram para o tema deste ano &#8220;A água… <a class="wp-block-latest-posts__read-more" href="http://www.ruralis.org/en/2025/08/criatividade-e-convivio-a-beira-do-rio-dao/" rel="noopener noreferrer">Read more<span class="screen-reader-text">: Criatividade e convívio a beira do rio Dão.</span></a></div></li>
<li><div class="wp-block-latest-posts__featured-image"><img loading="lazy" decoding="async" width="150" height="150" src="http://www.ruralis.org/wp-content/uploads/2025/06/Prima_Feira_Designs_2025_Banner_Qualidade_Media-150x150.png" class="attachment-thumbnail size-thumbnail wp-post-image" alt="" style="" /></div><a class="wp-block-latest-posts__post-title" href="http://www.ruralis.org/en/2025/06/programa-primafeira-2025/">PrimaFeira Program ~ June 22 2025</a><div class="wp-block-latest-posts__post-excerpt">~ Atividades ~ Em contacto com a água. ~ ~ Musica e Dança ~ ~ Gastronomia ~ ~ Bem Estar ~ ~ Mercado Bio e Artesanal ~ Com apoio de:</div></li>
<li><div class="wp-block-latest-posts__featured-image"><img loading="lazy" decoding="async" width="150" height="150" src="http://www.ruralis.org/wp-content/uploads/2023/07/FoodOnTheRiver-150x150.jpg" class="attachment-thumbnail size-thumbnail wp-post-image" alt="" style="" srcset="http://www.ruralis.org/wp-content/uploads/2023/07/FoodOnTheRiver-150x150.jpg 150w, http://www.ruralis.org/wp-content/uploads/2023/07/FoodOnTheRiver-12x12.jpg 12w" sizes="auto, (max-width: 150px) 100vw, 150px" /></div><a class="wp-block-latest-posts__post-title" href="http://www.ruralis.org/en/2025/04/primafeira-edicao-2025-agua-sustenta-vida/">PrimaFeira 2025 Edition ~ Water is life.</a><div class="wp-block-latest-posts__post-excerpt">Estamos muito entusiasmados para ter a oportunidade de organizar a segunda edição da PrimaFeira. Recordando a experiência positiva da edição de 2023, esperamos mais um dia memorável nas margens do rio Dão. Veja aqui o programa completo. Tema da edição 2025: A água dá vida! Água é a base da vida e a existência do… <a class="wp-block-latest-posts__read-more" href="http://www.ruralis.org/en/2025/04/primafeira-edicao-2025-agua-sustenta-vida/" rel="noopener noreferrer">Read more<span class="screen-reader-text">: PrimaFeira Edição 2025 ~ A água dá vida.</span></a></div></li>
</ul>


<p></p>
</div></div>



<p></p>
