{"id":243,"date":"2022-02-10T09:58:20","date_gmt":"2022-02-10T09:58:20","guid":{"rendered":"http:\/\/www.ruralis.org\/?page_id=243"},"modified":"2024-10-24T19:47:04","modified_gmt":"2024-10-24T19:47:04","slug":"eco-rede-do-dao","status":"publish","type":"page","link":"http:\/\/www.ruralis.org\/en\/eco-rede-do-dao\/","title":{"rendered":"Eco Rede (Network) do D\u00e3o"},"content":{"rendered":"<div class=\"wp-block-columns is-layout-flex wp-container-core-columns-is-layout-9d6595d7 wp-block-columns-is-layout-flex\">\n<div class=\"wp-block-column is-layout-flow wp-block-column-is-layout-flow\">\n<p class=\"has-medium-font-size\"><em><strong>A network of regenerative and sustainable initiatives in the D\u00e3o river basin that promotes environmental responsibility in the region.<\/strong><\/em><br><br><strong>Mission:<\/strong> strengthen regenerative development and protect nature in the D\u00e3o river basin.<br><strong>Goals:<\/strong> Recovery, Enhancement and Conservation of Natural Resources and Celebration of Regenerative Human Activities in the D\u00e3o River Basin.<br><br><strong>Vision for the future:<\/strong> An increasingly rich and colorful network of sites and projects of ecological value throughout the D\u00e3o River basin. A project that affirms the D\u00e3o region as an aggregator of multiple eco-sustainable developments.<\/p>\n<\/div>\n\n\n\n<div class=\"wp-block-column is-layout-flow wp-block-column-is-layout-flow\">\n<iframe loading=\"lazy\" src=\"https:\/\/www.google.com\/maps\/d\/embed?mid=19LDpYZzLupqVl7xnJu8ClJ_m37_cuRAF&amp;hl=pt-PT&amp;ehbc=2E312F\" width=\"640\" height=\"480\"><\/iframe>\n<\/div>\n<\/div>\n\n\n\n<p class=\"has-medium-font-size\"><strong>Description:<\/strong> This is a project to create a network of people, projects, entrepreneurs, products, sites, etc. which have in common the quality of having environmental values and respect. The network can include people and projects as well as sites of ecological value so that together it shows many aspects of the D\u00e3o-Eco-Region that have an ecological value. <br>The network includes the positive stories of what is developing in the region as well as the environmental threats that the region faces and the projects that fight these threats. The working group will study similar networks to learn good practices and develop activities to create and sustain a network that can benefit everyone and everything involved.<br><br>No \u00e2mbito deste projeto foram organizados os eventos seguintes: <br><a href=\"http:\/\/www.ruralis.org\/en\/2023\/04\/primafeira-2023-juntamos-para-natureza-no-dao\/\" data-type=\"URL\" data-id=\"http:\/\/www.ruralis.org\/2023\/04\/primafeira-2023-juntamos-para-natureza-no-dao\/\">A PrimaFeira<\/a> 2023<br><a rel=\"noreferrer noopener\" href=\"http:\/\/www.ruralis.org\/index.php\/2021\/06\/24\/um-encontro-inspiradora\/\" target=\"_blank\">Micro F\u00f3rum do D\u00e3o 2 ~ dia 12 de junho 2021<\/a><br><a rel=\"noreferrer noopener\" href=\"https:\/\/doriodao.wordpress.com\/\" target=\"_blank\">Micro F\u00f3rum do D\u00e3o 1 ~ dia 6 de julho 2019<\/a><br><br><\/p>\n\n\n\n<p class=\"has-text-align-left has-vivid-red-color has-text-color has-background has-medium-font-size\" style=\"background-color:#adddfa\"><strong>Join the Eco Rede do D\u00e3o!<\/strong><br>Can your activities and\/or interests benefit from being part of the Eco Rede do D\u00e3o?<br>Do not hesitate to contact us. This is a network project that needs to be built with multiple people and projects. Send us an email: info@ruralis.org<\/p>\n\n\n\n<figure class=\"wp-block-image size-full\"><img loading=\"lazy\" decoding=\"async\" width=\"792\" height=\"612\" src=\"http:\/\/www.ruralis.org\/wp-content\/uploads\/2022\/04\/Eco-Rede-do-Da\u0303o.jpg\" alt=\"\" class=\"wp-image-322\" srcset=\"http:\/\/www.ruralis.org\/wp-content\/uploads\/2022\/04\/Eco-Rede-do-Da\u0303o.jpg 792w, http:\/\/www.ruralis.org\/wp-content\/uploads\/2022\/04\/Eco-Rede-do-Da\u0303o-300x232.jpg 300w, http:\/\/www.ruralis.org\/wp-content\/uploads\/2022\/04\/Eco-Rede-do-Da\u0303o-768x593.jpg 768w, http:\/\/www.ruralis.org\/wp-content\/uploads\/2022\/04\/Eco-Rede-do-Da\u0303o-16x12.jpg 16w\" sizes=\"auto, (max-width: 792px) 100vw, 792px\" \/><\/figure>\n\n\n\n<p><\/p>\n\n\n<div class=\"wp-block-image\">\n<figure class=\"aligncenter size-large is-resized\"><img loading=\"lazy\" decoding=\"async\" width=\"1024\" height=\"575\" src=\"http:\/\/www.ruralis.org\/wp-content\/uploads\/2023\/04\/Picture1-1024x575.png\" alt=\"\" class=\"wp-image-590\" style=\"width:840px;height:471px\" srcset=\"http:\/\/www.ruralis.org\/wp-content\/uploads\/2023\/04\/Picture1-1024x575.png 1024w, http:\/\/www.ruralis.org\/wp-content\/uploads\/2023\/04\/Picture1-300x168.png 300w, http:\/\/www.ruralis.org\/wp-content\/uploads\/2023\/04\/Picture1-768x431.png 768w, http:\/\/www.ruralis.org\/wp-content\/uploads\/2023\/04\/Picture1-18x10.png 18w, http:\/\/www.ruralis.org\/wp-content\/uploads\/2023\/04\/Picture1.png 1350w\" sizes=\"auto, (max-width: 1024px) 100vw, 1024px\" \/><figcaption class=\"wp-element-caption\">Imagem: Pedro Baila<\/figcaption><\/figure>\n<\/div>","protected":false},"excerpt":{"rendered":"<p>Uma rede de iniciativas regenerativas e sustent\u00e1veis na bacia hidrogr\u00e1fica do rio D\u00e3o que promove a responsabilidade ambiental na regi\u00e3o. Miss\u00e3o: fortalecer o desenvolvimento regenerativo e proteger a natureza na&hellip;<\/p>","protected":false},"author":2,"featured_media":0,"parent":0,"menu_order":0,"comment_status":"closed","ping_status":"closed","template":"","meta":{"footnotes":""},"class_list":["post-243","page","type-page","status-publish","hentry"],"_links":{"self":[{"href":"http:\/\/www.ruralis.org\/en\/wp-json\/wp\/v2\/pages\/243","targetHints":{"allow":["GET"]}}],"collection":[{"href":"http:\/\/www.ruralis.org\/en\/wp-json\/wp\/v2\/pages"}],"about":[{"href":"http:\/\/www.ruralis.org\/en\/wp-json\/wp\/v2\/types\/page"}],"author":[{"embeddable":true,"href":"http:\/\/www.ruralis.org\/en\/wp-json\/wp\/v2\/users\/2"}],"replies":[{"embeddable":true,"href":"http:\/\/www.ruralis.org\/en\/wp-json\/wp\/v2\/comments?post=243"}],"version-history":[{"count":0,"href":"http:\/\/www.ruralis.org\/en\/wp-json\/wp\/v2\/pages\/243\/revisions"}],"wp:attachment":[{"href":"http:\/\/www.ruralis.org\/en\/wp-json\/wp\/v2\/media?parent=243"}],"curies":[{"name":"wp","href":"https:\/\/api.w.org\/{rel}","templated":true}]}}

Eco Rede (Network) do Dão

<div class="wp-block-columns is-layout-flex wp-container-core-columns-is-layout-9d6595d7 wp-block-columns-is-layout-flex">
<div class="wp-block-column is-layout-flow wp-block-column-is-layout-flow">
<p class="has-medium-font-size"><em><strong>A network of regenerative and sustainable initiatives in the Dão river basin that promotes environmental responsibility in the region.</strong></em><br><br><strong>Mission:</strong> strengthen regenerative development and protect nature in the Dão river basin.<br><strong>Goals:</strong> Recovery, Enhancement and Conservation of Natural Resources and Celebration of Regenerative Human Activities in the Dão River Basin.<br><br><strong>Vision for the future:</strong> An increasingly rich and colorful network of sites and projects of ecological value throughout the Dão River basin. A project that affirms the Dão region as an aggregator of multiple eco-sustainable developments.</p>
</div>



<div class="wp-block-column is-layout-flow wp-block-column-is-layout-flow">
<iframe loading="lazy" src="https://www.google.com/maps/d/embed?mid=19LDpYZzLupqVl7xnJu8ClJ_m37_cuRAF&amp;hl=pt-PT&amp;ehbc=2E312F" width="640" height="480"></iframe>
</div>
</div>



<p class="has-medium-font-size"><strong>Description:</strong> This is a project to create a network of people, projects, entrepreneurs, products, sites, etc. which have in common the quality of having environmental values and respect. The network can include people and projects as well as sites of ecological value so that together it shows many aspects of the Dão-Eco-Region that have an ecological value. <br>The network includes the positive stories of what is developing in the region as well as the environmental threats that the region faces and the projects that fight these threats. The working group will study similar networks to learn good practices and develop activities to create and sustain a network that can benefit everyone and everything involved.<br><br>No âmbito deste projeto foram organizados os eventos seguintes: <br><a href="http://www.ruralis.org/en/2023/04/primafeira-2023-juntamos-para-natureza-no-dao/" data-type="URL" data-id="http://www.ruralis.org/2023/04/primafeira-2023-juntamos-para-natureza-no-dao/">A PrimaFeira</a> 2023<br><a rel="noreferrer noopener" href="http://www.ruralis.org/index.php/2021/06/24/um-encontro-inspiradora/" target="_blank">Micro Fórum do Dão 2 ~ dia 12 de junho 2021</a><br><a rel="noreferrer noopener" href="https://doriodao.wordpress.com/" target="_blank">Micro Fórum do Dão 1 ~ dia 6 de julho 2019</a><br><br></p>



<p class="has-text-align-left has-vivid-red-color has-text-color has-background has-medium-font-size" style="background-color:#adddfa"><strong>Join the Eco Rede do Dão!</strong><br>Can your activities and/or interests benefit from being part of the Eco Rede do Dão?<br>Do not hesitate to contact us. This is a network project that needs to be built with multiple people and projects. Send us an email: info@ruralis.org</p>



<figure class="wp-block-image size-full"><img loading="lazy" decoding="async" width="792" height="612" src="http://www.ruralis.org/wp-content/uploads/2022/04/Eco-Rede-do-Dão.jpg" alt="" class="wp-image-322" srcset="http://www.ruralis.org/wp-content/uploads/2022/04/Eco-Rede-do-Dão.jpg 792w, http://www.ruralis.org/wp-content/uploads/2022/04/Eco-Rede-do-Dão-300x232.jpg 300w, http://www.ruralis.org/wp-content/uploads/2022/04/Eco-Rede-do-Dão-768x593.jpg 768w, http://www.ruralis.org/wp-content/uploads/2022/04/Eco-Rede-do-Dão-16x12.jpg 16w" sizes="auto, (max-width: 792px) 100vw, 792px" /></figure>



<p></p>


<div class="wp-block-image">
<figure class="aligncenter size-large is-resized"><img loading="lazy" decoding="async" width="1024" height="575" src="http://www.ruralis.org/wp-content/uploads/2023/04/Picture1-1024x575.png" alt="" class="wp-image-590" style="width:840px;height:471px" srcset="http://www.ruralis.org/wp-content/uploads/2023/04/Picture1-1024x575.png 1024w, http://www.ruralis.org/wp-content/uploads/2023/04/Picture1-300x168.png 300w, http://www.ruralis.org/wp-content/uploads/2023/04/Picture1-768x431.png 768w, http://www.ruralis.org/wp-content/uploads/2023/04/Picture1-18x10.png 18w, http://www.ruralis.org/wp-content/uploads/2023/04/Picture1.png 1350w" sizes="auto, (max-width: 1024px) 100vw, 1024px" /><figcaption class="wp-element-caption">Imagem: Pedro Baila</figcaption></figure>
</div>

<p>Uma rede de iniciativas regenerativas e sustentáveis na bacia hidrográfica do rio Dão que promove a responsabilidade ambiental na região. Missão: fortalecer o desenvolvimento regenerativo e proteger a natureza na&hellip;</p>
